{"id":28,"date":"2025-09-09T20:16:33","date_gmt":"2025-09-09T18:16:33","guid":{"rendered":"http:\/\/schaerligbad.ch\/?page_id=28"},"modified":"2026-04-19T17:04:44","modified_gmt":"2026-04-19T15:04:44","slug":"scharligbad","status":"publish","type":"page","link":"https:\/\/www.schaerligbad.ch\/?page_id=28","title":{"rendered":"Sch\u00e4rligbad"},"content":{"rendered":"<p><span style=\"color: #000000;\">Herzlich Willkommen im Sch\u00e4rligbad!<\/span><\/p>\n<p>\u2026.bad? Es war einmal\u2026<\/p>\n<p>Im Jahre 1764 wurde die Erlaubnis erteilt beim Sch\u00e4rligbad, einer Eisenquelle, ein Gasthaus zu errichten.<\/p>\n<p>Das einstige Badeh\u00e4uschen, das bis anfangs des letzten Jahrhunderts benutzt wurde, befand sich hinter dem Gasthaus.<\/p>\n<p>1927 wurde im 1. Stock ein Saal ausgebaut, der jedoch im Jahre 1986 zur Wohnung ausgebaut wurde. Im Gegenzug wurde damals das heutige S\u00e4\u00e4li angebaut.<\/p>\n<p>Seit 1888 ist das Sch\u00e4rligbad nun schon in den H\u00e4nden der Familie Felder. Die Geschwister Judith und Hubert \u00fcbernahmen anfangs 2012 den Betrieb welcher seit Ende 2020 von Judith und ihrem Mann Ueli H\u00e4fliger (K\u00fcchen-Chef) mit viel Leidenschaft und Kreativit\u00e4t gef\u00fchrt wird.<\/p>\n<p>Im M\u00e4rz 2021 wurde das Leben der jungen Familie durch die fr\u00f6hliche Tochter Anja bereichert. Familie H\u00e4fliger-Felder darf auf die tatkr\u00e4ftige Unterst\u00fctzung ihrer treuen Mitarbeiter, Familienmitglieder und Eltern z\u00e4hlen.<\/p>\n<p>Ihre Philosophie besteht darin, dass Gutes ganz nahe liegt. Deshalb werden im Sch\u00e4rligbad m\u00f6glichst regionale Produkte verarbeitet und auf der Speisekarte sind haupts\u00e4chlich einheimische Spezialit\u00e4ten zu finden.<\/p>\n<p>Wir w\u00fcnschen Ihnen einen angenehmen, gem\u00fctlichen Aufenthalt, \u201eXundheit\u201c und \u201e\u00e4 Gu\u00e4t\u00e4\u201c!<\/p>\n<p>Ihre Gastgeber Familie H\u00e4fliger-Felder und Team<\/p>\n<p style=\"text-align: center;\"><a href=\"https:\/\/www.schaerligbad.ch\/wp-content\/uploads\/2026\/03\/WhatsApp-Image-2026-03-27-at-13.19.19.jpeg\"><img loading=\"lazy\" decoding=\"async\" class=\"size-medium wp-image-1953 aligncenter\" src=\"https:\/\/www.schaerligbad.ch\/wp-content\/uploads\/2026\/03\/WhatsApp-Image-2026-03-27-at-13.19.19-225x300.jpeg\" alt=\"\" width=\"225\" height=\"300\" srcset=\"https:\/\/www.schaerligbad.ch\/wp-content\/uploads\/2026\/03\/WhatsApp-Image-2026-03-27-at-13.19.19-225x300.jpeg 225w, https:\/\/www.schaerligbad.ch\/wp-content\/uploads\/2026\/03\/WhatsApp-Image-2026-03-27-at-13.19.19-768x1024.jpeg 768w, https:\/\/www.schaerligbad.ch\/wp-content\/uploads\/2026\/03\/WhatsApp-Image-2026-03-27-at-13.19.19-1152x1536.jpeg 1152w, https:\/\/www.schaerligbad.ch\/wp-content\/uploads\/2026\/03\/WhatsApp-Image-2026-03-27-at-13.19.19.jpeg 1200w\" sizes=\"(max-width: 225px) 100vw, 225px\" \/><\/a><\/p>\n","protected":false},"excerpt":{"rendered":"<p>Herzlich Willkommen im Sch\u00e4rligbad! \u2026.bad? Es war einmal\u2026 Im Jahre 1764 wurde die Erlaubnis erteilt beim Sch\u00e4rligbad, einer Eisenquelle, ein Gasthaus zu errichten. Das einstige Badeh\u00e4uschen, das bis anfangs des letzten Jahrhunderts benutzt wurde, befand sich hinter dem Gasthaus. 1927 wurde im 1. Stock ein Saal ausgebaut, der jedoch im Jahre 1986 zur Wohnung ausgebaut [&hellip;]<\/p>\n","protected":false},"author":1,"featured_media":0,"parent":0,"menu_order":1,"comment_status":"closed","ping_status":"closed","template":"","meta":{"footnotes":""},"_links":{"self":[{"href":"https:\/\/www.schaerligbad.ch\/index.php?rest_route=\/wp\/v2\/pages\/28"}],"collection":[{"href":"https:\/\/www.schaerligbad.ch\/index.php?rest_route=\/wp\/v2\/pages"}],"about":[{"href":"https:\/\/www.schaerligbad.ch\/index.php?rest_route=\/wp\/v2\/types\/page"}],"author":[{"embeddable":true,"href":"https:\/\/www.schaerligbad.ch\/index.php?rest_route=\/wp\/v2\/users\/1"}],"replies":[{"embeddable":true,"href":"https:\/\/www.schaerligbad.ch\/index.php?rest_route=%2Fwp%2Fv2%2Fcomments&post=28"}],"version-history":[{"count":23,"href":"https:\/\/www.schaerligbad.ch\/index.php?rest_route=\/wp\/v2\/pages\/28\/revisions"}],"predecessor-version":[{"id":1965,"href":"https:\/\/www.schaerligbad.ch\/index.php?rest_route=\/wp\/v2\/pages\/28\/revisions\/1965"}],"wp:attachment":[{"href":"https:\/\/www.schaerligbad.ch\/index.php?rest_route=%2Fwp%2Fv2%2Fmedia&parent=28"}],"curies":[{"name":"wp","href":"https:\/\/api.w.org\/{rel}","templated":true}]}}